{"id":207,"date":"2016-10-20T06:34:50","date_gmt":"2016-10-20T04:34:50","guid":{"rendered":"http:\/\/www.fmbc-austria.at\/cms\/?page_id=207"},"modified":"2025-08-13T11:05:08","modified_gmt":"2025-08-13T09:05:08","slug":"downloads","status":"publish","type":"page","link":"https:\/\/www.fmbc-austria.at\/cms\/?page_id=207","title":{"rendered":"Downloads"},"content":{"rendered":"<p><span style=\"font-size: 14pt; font-family: verdana, geneva, sans-serif;\"><strong>Flugplatz-Betriebsordnung:<\/strong><\/span><\/p>\n<ul>\n<li><a href=\"https:\/\/www.fmbc-austria.at\/cms\/wp-content\/uploads\/2025\/08\/OEAeC_MFBO_V_3_0_FMBC-Austria.pdf\"><span style=\"color: #ff0000;\">MFBO (Modellflugplatz Betriebsordnung) 10\/2023<\/span><\/a><\/li>\n<li><a href=\"https:\/\/www.fmbc-austria.at\/cms\/wp-content\/uploads\/2025\/08\/E-LFA907-156_01-25-Bescheid-FMBC-Austria.pdf\">Bescheid &#8222;Genehmigung gem\u00e4\u00df Art. 16 der Durchf\u00fchrungsverordnung (EU) Nr. 2019\/947&#8220;<\/a><a href=\"https:\/\/www.fmbc-austria.at\/cms\/wp-content\/uploads\/2023\/08\/Bescheid_FMBC_Austria_E-LFA907-156_01-22.pdf\"><br><\/a><\/li>\n<li><a href=\"https:\/\/www.fmbc-austria.at\/cms\/wp-content\/uploads\/2023\/04\/OEAeC_Richtlinien_EU_VO_947_2019_V2.pdf\">OEAeC Richtlinien f\u00fcr den Betrieb von UAS (nach EU-VO 947\/2019-Artikel 16)<\/a><\/li>\n<\/ul>\n<p><span style=\"font-size: 14pt; font-family: verdana, geneva, sans-serif;\"><strong>Formulare:<\/strong><\/span><\/p>\n<ul>\n<li><a href=\"https:\/\/www.fmbc-austria.at\/cms\/wp-content\/uploads\/2022\/03\/FMBC-Beitrittsformular-2022.pdf\">FMBC-Beitrittsansuchen<\/a><\/li>\n<li><a href=\"https:\/\/www.fmbc-austria.at\/cms\/wp-content\/uploads\/2021\/12\/oeaec_beitritt_l1.pdf\">\u00d6AeC &#8211; Beitrittsformular<\/a><\/li>\n<li><a href=\"https:\/\/www.fmbc-austria.at\/cms\/wp-content\/uploads\/2023\/02\/meine-erstflug-checkliste.pdf\">Erstflug Checkliste (PDF)<\/a>&nbsp; \/&nbsp; <a href=\"https:\/\/www.fmbc-austria.at\/cms\/wp-content\/uploads\/2023\/02\/meine-erstflug-checkliste.docx\">Erstflug Checkliste (DOC)<\/a><\/li>\n<\/ul>\n<p><strong><span style=\"font-size: 14pt; font-family: verdana, geneva, sans-serif;\">Flugprogramme:<\/span><\/strong><\/p>\n<ul>\n<li><a href=\"https:\/\/www.fmbc-austria.at\/cms\/wp-content\/uploads\/2021\/12\/mso2017-4_nationalePruefungen.pdf\">Nationale Modellflugpr\u00fcfungen<\/a><\/li>\n<li><a href=\"https:\/\/www.fmbc-austria.at\/cms\/wp-content\/uploads\/2021\/12\/mso2017-12_RC-MS.pdf\">RC-MS Motorsegelflug<\/a><\/li>\n<li><a href=\"https:\/\/www.fmbc-austria.at\/cms\/wp-content\/uploads\/2021\/12\/RC-MS-Motorsegelflugmodelle.pdf\">RC-SF Segelflug (ehem. RC IV)<\/a><\/li>\n<li><a href=\"https:\/\/www.fmbc-austria.at\/cms\/wp-content\/uploads\/2021\/12\/mso2017-15.1_RC-E7.pdf\">RC-E7 Fernlenkelektroflug<\/a><\/li>\n<\/ul>\n<p>&nbsp;<\/p>\n\n\n\n","protected":false},"excerpt":{"rendered":"<p>Flugplatz-Betriebsordnung: MFBO (Modellflugplatz Betriebsordnung) 10\/2023 Bescheid &#8222;Genehmigung gem\u00e4\u00df Art. 16 der Durchf\u00fchrungsverordnung (EU) Nr. 2019\/947&#8220; OEAeC Richtlinien f\u00fcr den Betrieb<\/p>\n","protected":false},"author":1,"featured_media":0,"parent":0,"menu_order":0,"comment_status":"closed","ping_status":"closed","template":"","meta":{"colormag_page_container_layout":"default_layout","colormag_page_sidebar_layout":"default_layout","ngg_post_thumbnail":0,"footnotes":""},"class_list":["post-207","page","type-page","status-publish","hentry"],"jetpack_sharing_enabled":true,"jetpack_shortlink":"https:\/\/wp.me\/P811cz-3l","_links":{"self":[{"href":"https:\/\/www.fmbc-austria.at\/cms\/index.php?rest_route=\/wp\/v2\/pages\/207","targetHints":{"allow":["GET"]}}],"collection":[{"href":"https:\/\/www.fmbc-austria.at\/cms\/index.php?rest_route=\/wp\/v2\/pages"}],"about":[{"href":"https:\/\/www.fmbc-austria.at\/cms\/index.php?rest_route=\/wp\/v2\/types\/page"}],"author":[{"embeddable":true,"href":"https:\/\/www.fmbc-austria.at\/cms\/index.php?rest_route=\/wp\/v2\/users\/1"}],"replies":[{"embeddable":true,"href":"https:\/\/www.fmbc-austria.at\/cms\/index.php?rest_route=%2Fwp%2Fv2%2Fcomments&post=207"}],"version-history":[{"count":52,"href":"https:\/\/www.fmbc-austria.at\/cms\/index.php?rest_route=\/wp\/v2\/pages\/207\/revisions"}],"predecessor-version":[{"id":12518,"href":"https:\/\/www.fmbc-austria.at\/cms\/index.php?rest_route=\/wp\/v2\/pages\/207\/revisions\/12518"}],"wp:attachment":[{"href":"https:\/\/www.fmbc-austria.at\/cms\/index.php?rest_route=%2Fwp%2Fv2%2Fmedia&parent=207"}],"curies":[{"name":"wp","href":"https:\/\/api.w.org\/{rel}","templated":true}]}}