{"id":11653,"date":"2023-11-26T11:27:20","date_gmt":"2023-11-26T10:27:20","guid":{"rendered":"https:\/\/www.fmbc-austria.at\/cms\/?page_id=11653"},"modified":"2023-11-26T11:27:23","modified_gmt":"2023-11-26T10:27:23","slug":"mitglieder-webportal","status":"publish","type":"page","link":"https:\/\/www.fmbc-austria.at\/cms\/?page_id=11653","title":{"rendered":"Mitglieder Webportal"},"content":{"rendered":"\n<p>&nbsp;<\/p>\n<p>Das Mitglieder Webportal hilft dir und dem Verein, dass die Benutzerdaten und Registrierungsdaten etc korrekt und aktuell sind.<\/p>\n<p>Falls du z.B. deine Telefonnummer oder Wohnadresse ge\u00e4ndert hast, dann \u00e4ndere es bitte selbst im Mitglieder Webportal.<\/p>\n<p>&nbsp;<\/p>\n<p><strong>Wie komme ich zum Webportal ?<\/strong><\/p>\n<p>Bitte verwende folgenden Link: &nbsp;&nbsp;<a href=\"https:\/\/fmbc.webling.eu\/portal#\/\">https:\/\/fmbc.webling.eu\/portal#\/<\/a><\/p>\n<p>Gib nun jene email Adresse an, die du bei deiner FMBC Registrierung bekannt gegeben hast und dr\u00fccke auf <strong>Weiter<\/strong>.<\/p>\n<p>Wenn die email Adresse korrekt war, bekommst du sofort eine email mit einem Link als Best\u00e4tigung.<\/p>\n<p>Bitte dr\u00fccke auf diesen Best\u00e4tigungs-Link und du wirst im Webbrowser auf DEIN pers\u00f6nliches Webportal weitergeleitet.<\/p>\n<p>&nbsp;<\/p>\n<p>&nbsp;<\/p>\n<p>&nbsp;<\/p>\n<p>&nbsp;<\/p>\n","protected":false},"excerpt":{"rendered":"<p>&nbsp; Das Mitglieder Webportal hilft dir und dem Verein, dass die Benutzerdaten und Registrierungsdaten etc korrekt und aktuell sind. Falls<\/p>\n","protected":false},"author":20,"featured_media":0,"parent":0,"menu_order":0,"comment_status":"closed","ping_status":"closed","template":"","meta":{"colormag_page_container_layout":"default_layout","colormag_page_sidebar_layout":"default_layout","ngg_post_thumbnail":0,"jetpack_post_was_ever_published":false,"footnotes":""},"class_list":["post-11653","page","type-page","status-publish","hentry"],"jetpack_sharing_enabled":true,"jetpack_shortlink":"https:\/\/wp.me\/P811cz-31X","_links":{"self":[{"href":"https:\/\/www.fmbc-austria.at\/cms\/index.php?rest_route=\/wp\/v2\/pages\/11653","targetHints":{"allow":["GET"]}}],"collection":[{"href":"https:\/\/www.fmbc-austria.at\/cms\/index.php?rest_route=\/wp\/v2\/pages"}],"about":[{"href":"https:\/\/www.fmbc-austria.at\/cms\/index.php?rest_route=\/wp\/v2\/types\/page"}],"author":[{"embeddable":true,"href":"https:\/\/www.fmbc-austria.at\/cms\/index.php?rest_route=\/wp\/v2\/users\/20"}],"replies":[{"embeddable":true,"href":"https:\/\/www.fmbc-austria.at\/cms\/index.php?rest_route=%2Fwp%2Fv2%2Fcomments&post=11653"}],"version-history":[{"count":1,"href":"https:\/\/www.fmbc-austria.at\/cms\/index.php?rest_route=\/wp\/v2\/pages\/11653\/revisions"}],"predecessor-version":[{"id":11654,"href":"https:\/\/www.fmbc-austria.at\/cms\/index.php?rest_route=\/wp\/v2\/pages\/11653\/revisions\/11654"}],"wp:attachment":[{"href":"https:\/\/www.fmbc-austria.at\/cms\/index.php?rest_route=%2Fwp%2Fv2%2Fmedia&parent=11653"}],"curies":[{"name":"wp","href":"https:\/\/api.w.org\/{rel}","templated":true}]}}